 greatest common divisor of 4 and 114?
2
Calculate the greatest common divisor of 1820 and 1274.
182
What is the greatest common divisor of 2322 and 324?
54
What is the greatest common factor of 143 and 13?
13
Calculate the highest common divisor of 4 and 376.
4
Calculate the greatest common factor of 31 and 8401.
31
What is the greatest common factor of 416 and 221?
13
What is the greatest common divisor of 89 and 445?
89
What is the highest common factor of 110 and 209?
11
Calculate the highest common factor of 299 and 115.
23
Calculate the greatest common divisor of 80 and 32.
16
What is the highest common factor of 36 and 7767?
9
What is the greatest common factor of 19 and 38?
19
What is the highest common factor of 272 and 32?
16
Calculate the greatest common divisor of 9 and 12.
3
What is the greatest common divisor of 64 and 704?
64
What is the greatest common factor of 16 and 992?
16
Calculate the greatest common factor of 173 and 173.
173
Calculate the greatest common divisor of 649 and 66.
11
Calculate the greatest common factor of 150 and 990.
30
What is the highest common divisor of 9709 and 19?
19
What is the highest common factor of 17050 and 22?
22
Calculate the greatest common factor of 437 and 115.
23
What is the greatest common divisor of 230 and 15?
5
What is the greatest common divisor of 4 and 256?
4
What is the greatest common divisor of 81 and 24?
3
What is the greatest common factor of 36 and 76?
4
What is the highest common factor of 259 and 84?
7
What is the highest common factor of 45 and 5?
5
Calculate the greatest common divisor of 222 and 6.
6
Calculate the greatest common divisor of 84 and 34356.
84
What is the highest common factor of 12444 and 122?
122
Calculate the highest common factor of 5 and 14995.
5
What is the highest common divisor of 84 and 56?
28
What is the greatest common factor of 37 and 1739?
37
What is the greatest common divisor of 84 and 588?
84
What is the highest common divisor of 187 and 77?
11
What is the highest common divisor of 96 and 752?
16
Calculate the highest common factor of 495 and 1215.
45
Calculate the greatest common divisor of 5901 and 21.
21
Calculate the highest common factor of 1210 and 50.
10
Calculate the highest common divisor of 572 and 52.
52
Calculate the greatest common divisor of 483 and 207.
69
Calculate the highest common factor of 7560 and 4.
4
Calculate the highest common divisor of 600 and 2550.
150
What is the highest common divisor of 704 and 44?
44
Calculate the highest common factor of 30 and 18.
6
Calculate the highest common factor of 7578 and 63.
9
What is the highest common factor of 1 and 121?
1
What is the highest common factor of 1651 and 416?
13
Calculate the highest common factor of 390 and 5304.
78
What is the greatest common factor of 131 and 20567?
131
What is the highest common factor of 48 and 4672?
16
What is the highest common divisor of 11 and 5?
1
Calculate the highest common factor of 6 and 105.
3
What is the highest common factor of 511 and 657?
73
Calculate the greatest common divisor of 10 and 230.
10
What is the highest common divisor of 22 and 550?
22
Calculate the highest common divisor of 8851 and 53.
53
What is the highest common factor of 1751 and 17?
17
Calculate the highest common factor of 3006 and 108.
18
What is the highest common divisor of 51 and 561?
51
What is the highest common divisor of 50 and 110?
10
What is the greatest common divisor of 5 and 125?
5
Calculate the greatest common factor of 330 and 110.
110
What is the highest common divisor of 297 and 4257?
99
Calculate the highest common factor of 5887 and 35.
7
Calculate the highest common factor of 279 and 9.
9
What is the greatest common divisor of 24 and 1128?
24
Calculate the greatest common divisor of 638 and 28.
2
What is the highest common factor of 300 and 90?
30
What is the highest common factor of 1088 and 17?
17
What is the greatest common factor of 66 and 6138?
66
What is the greatest common factor of 49 and 1?
1
What is the greatest common factor of 864 and 2736?
144
What is the highest common factor of 88 and 7326?
22
What is the highest common divisor of 3629 and 38?
19
What is the highest common divisor of 3038 and 686?
98
What is the highest common divisor of 36 and 24?
12
What is the greatest common factor of 2880 and 63?
9
Calculate the greatest common factor of 473 and 341.
11
What is the greatest common factor of 203 and 28?
7
What is the greatest common factor of 22 and 1012?
22
Calculate the highest common factor of 985 and 591.
197
What is the highest common divisor of 24 and 57?
3
What is the greatest common divisor of 65 and 8515?
65
What is the highest common divisor of 222 and 555?
111
Calculate the highest common factor of 144 and 6.
6
Calculate the highest common divisor of 91 and 65.
13
Calculate the greatest common factor of 64 and 1312.
32
Calculate the highest common divisor of 41216 and 161.
161
What is the highest common divisor of 13 and 2977?
13
What is the highest common factor of 2768 and 173?
173
Calculate the highest common divisor of 1251 and 1112.
139
What is the greatest common factor of 188 and 94?
94
Calculate the greatest common factor of 10 and 2350.
10
Calculate the greatest common divisor of 2828 and 7.
7
What is the greatest common factor of 1820 and 130?
130
What is the greatest common factor of 77 and 26411?
77
What is the highest common divisor of 5358 and 19?
19
What is the greatest common divisor of 198 and 4?
2
What is the highest common factor of 19 and 2413?
19
Calculate the greatest common factor of 5 and 22155.
5
What is the highest common divisor of 30 and 186?
6
What is the greatest common factor of 3 and 51?
3
What is the greatest common factor of 168 and 17136?
168
Calculate the highest common factor of 204 and 255.
51
Calculate the highest common divisor of 2170 and 315.
35
What is the highest common divisor of 160 and 40?
40
What is the greatest common factor of 475 and 50?
25
What is the greatest common divisor of 30 and 30?
30
What is the greatest common divisor of 306 and 27?
9
Calculate the highest common divisor of 174 and 522.
174
What is the greatest common divisor of 198 and 88?
22
What is the greatest common factor of 18 and 1806?
6
Calculate the highest common divisor of 27 and 225.
9
Calculate the greatest common factor of 336 and 4452.
84
Calculate the greatest common divisor of 35 and 63.
7
Calculate the highest common divisor of 4525 and 25.
25
Calculate the greatest common factor of 1846 and 52.
26
What is the highest common factor of 216 and 513?
27
What is the highest common divisor of 1260 and 900?
180
Calculate the highest common divisor of 558 and 486.
18
What is the greatest common divisor of 297 and 8283?
33
Calculate the greatest common divisor of 516 and 12.
12
Calculate the greatest common factor of 8 and 649.
1
Calculate the highest common factor of 470 and 20.
10
Calculate the greatest common factor of 17 and 34.
17
Calculate the highest common factor of 6 and 31.
1
What is the highest common factor of 16 and 84?
4
What is the greatest common divisor of 86 and 3053?
43
What is the greatest common factor of 260 and 65?
65
Calculate the greatest common factor of 35849 and 33.
11
What is the greatest common factor of 56 and 21?
7
What is the greatest common divisor of 51 and 221?
17
Calculate the highest common divisor of 304 and 57.
19
What is the greatest common factor of 68 and 1564?
68
What is the greatest common factor of 12270 and 30?
30
What is the greatest common divisor of 12 and 16?
4
Calculate the greatest common divisor of 588 and 3381.
147
Calculate the highest common divisor of 189 and 14.
7
What is the greatest common factor of 192 and 528?
48
What is the greatest common factor of 12 and 456?
12
What is the highest common factor of 13 and 13?
13
What is the greatest common divisor of 21980 and 560?
140
Calculate the highest common divisor of 42 and 112.
14
What is the highest common divisor of 112 and 5852?
28
Calculate the highest common factor of 99 and 1034.
11
What is the greatest common factor of 26 and 12?
2
What is the greatest common divisor of 216 and 2700?
108
What is the greatest common divisor of 136 and 901?
17
What is the greatest common d